y s(d)?
0
Suppose -5*s - x = 42, 0 = 5*s - 3*x + x + 51. Let h = 20 + s. Let t = -2 + h. Calculate the remainder when 15 is divided by t.
6
Let x = 318 - 201. Let n = 198 - x. What is the remainder when n is divided by 21?
18
Let u(a) = -a**3 + 8*a**2 + 9*a + 2. Let x = 2 + -6. Calculate the remainder when (-4)/(x/(-2)) + 6 is divided by u(9).
0
Let w be 0/((-4)/2*2). Suppose w = 4*j, -3*k + 5*j = -0*j - 30. Calculate the remainder when 39 is divided by k.
9
Suppose -6 = -0*j - 2*j. Suppose 0*o = j*o - 33. Let b = 16 - 10. Calculate the remainder when o is divided by b.
5
Let m(x) be the first derivative of 3*x**2/2 - 7*x + 5. Calculate the remainder when 43 is divided by m(6).
10
Suppose 0*w = -2*w. Suppose w = -5*f + 1 - 16. Calculate the remainder when 19 is divided by ((-21)/(-12))/(f/(-12)).
5
Let n be 3/(-3) - (-14)/2. Let s(t) = -t + 6. Let q be s(n). Suppose 5*f + 0*j + 3*j - 55 = q, 0 = -2*j + 10. What is the remainder when 15 is divided by f?
7
Let f(n) = -4*n + 12*n**2 + 0 + 2*n - n - 2. Calculate the remainder when 37 is divided by f(-1).
11
Let d = 191 - 135. Calculate the remainder when d is divided by 19.
18
Let u(s) = s + 4. Let f be u(3). Suppose 3*t - f*t = -20. What is the remainder when 13*((0 - -1) + 0) is divided by t?
3
Calculate the remainder when 45 is divided by (12/(-10))/((-24)/80).
1
Suppose -g - 4*n - 24 = 0, -3*g - 145 = 2*g - 5*n. Let r = 82 + g. What is the remainder when r is divided by 14?
12
Let s = 2 + 1. Let n = 6 + 3. Suppose 0 = d + 3*g + n, 2*d + 0*g + s = -3*g. What is the remainder when d is divided by 4?
2
Let q(z) = z**3 - 6*z**2 + 4*z + 6. Let t be 20/(-8)*(-6)/5. Let w(j) = -j**2 + 3*j + 2. What is the remainder when w(t) is divided by q(5)?
0
Let s(a) = 4*a + 2. Suppose 5*w + 3*z = -2*z + 115, w = 5*z + 35. What is the remainder when w is divided by s(3)?
11
Let n = -26 + 51. What is the remainder when n is divided by 7?
4
Suppose -280 = -26*q + 552. Let b = 33 - 16. What is the remainder when q is divided by b?
15
Let z = -16 - 1. Let i = z - -38. Calculate the remainder when 39 is divided by i.
18
Calculate the remainder when 27 is divided by (-255)/(-25) - 1/5.
7
Let y(m) = m**3 + 5*m**2 - 9*m - 2. Let q = 4 + -1. Suppose -q*p + 8 = -10. Calculate the remainder when y(-6) is divided by p.
4
Let x(v) = v**2 - 3*v + 8. Let s(l) = -l**2 + 2*l - 7. Let t(m) = -3*s(m) - 2*x(m). Calculate the remainder when t(4) is divided by 11.
10
Let a(h) = -h**2 - 5*h - 4. Let m be a(-3). Suppose 2*s = -j + 10, -3*s + 5 = -m*j - 10. What is the remainder when s is divided by 2?
1
Let n = -117 - -188. Let q = -46 + n. Suppose -3*l - 3*a + 225 = 0, 0 = -2*l - 4*a + 247 - 93. What is the remainder when l is divided by q?
23
Suppose -2*j + 7 = -19. Suppose 2*r = -5*b + 34, b - 43 = -4*r - 11. What is the remainder when j is divided by r?
6
Suppose 2*i = -4*m - i + 25, 4*i = -m + 16. Calculate the remainder when 1/m + 254/8 is divided by 11.
10
Let v(p) = 3*p**2 + 3*p + 11. Calculate the remainder when v(-6) is divided by 36.
29
Let i be (-2)/(-10) - (-846)/(-30). Calculate the remainder when -68*(3 - i/(-8)) is divided by 12.
10
Suppose -4*p - 29 = -4*s - 213, p + 3*s - 30 = 0. Calculate the remainder when p is divided by 15.
12
Let d = 19 - -74. What is the remainder when d is divided by 19?
17
Let p = 39 - 8. What is the remainder when p is divided by 48/30*(-10)/(-2)?
7
Let v(j) = -j**3 - 3*j**2 + j + 2. Let u be v(-3). Let k be (0 + -1)*u*22. Calculate the remainder when 25 is divided by (-3)/(-6)*k - 2.
7
Suppose 8*g - 20 - 420 = 0. Calculate the remainder when g is divided by ((-1)/2 + 1)*38.
17
Suppose 2*t = -d - 2*t - 1, -5*t - 8 = -d. Suppose 71 - 169 = -14*q. What is the remainder when q is divided by d?
1
Suppose o = -4*h + 2 + 30, 0 = -2*h + 4*o + 34. Let g be (-40)/32 + (-6)/8. What is the remainder when g/(-4) - 65/(-2) is divided by h?
6
Suppose 5*k + 113 = 2*y, 0*y + 4*y + 4*k - 268 = 0. What is the remainder when y is divided by 11?
9
Let q(t) = -4*t + 7. Calculate the remainder when 32 is divided by q(0).
4
Calculate the remainder when 20*-1*63/(-15) is divided by 43.
41
Calculate the remainder when 13 is divided by ((-2)/(-3))/(7/84).
5
What is the remainder when 57 is divided by 14 + 4 + -1*(0 + 2)?
9
Suppose 0*j + 1 = j. Calculate the remainder when 21 is divided by j - -1*(11 + 0).
9
Let m(t) = t**3 + 6*t**2 + 7*t + 20. Calculate the remainder when 68 is divided by m(-3).
16
What is the remainder when 4/(-10) + 741/15 is divided by 26?
23
Suppose -3*t + 2*c - 140 = 0, -2*t - 90 = -2*c - 0*c. Let w = -25 - t. What is the remainder when w is divided by 13?
12
Let v = 42 - 42. Suppose 2*k = -0*k - 4. Calculate the remainder when 22 + (k - v - -3) is divided by 12.
11
Suppose k = -4*c + 14, -2*k - 4*c - 26 = -5*k. Let w(n) = -2*n + 19 + n**3 + 2*n + n**2. Calculate the remainder when w(0) is divided by k.
9
Let b(r) = 2*r - 8. Let h be b(7). Let u = h + -4. Suppose -u*y + 11 + 21 = 0. Calculate the remainder when 46 is divided by y.
14
Let g(x) be the first derivative of 2*x - 3/2*x**2 + 3/4*x**4 - 2/3*x**3 + 2. What is the remainder when g(2) is divided by 7?
5
Let k(u) = u**2 - u. Suppose -3*o + 5 = 2*o. What is the remainder when k(4) is divided by 2 + o*(2 - -3)?
5
Suppose 0 = 2*p, -m + 2 = 5*p - 0*p. Suppose -7 = w - m*w. What is the remainder when 12 is divided by w?
5
Let t = 7 + 9. What is the remainder when t is divided by 9?
7
Let j be (-1)/(-2) + 12/8. Suppose 52 = 2*u + j*u. What is the remainder when u is divided by 7?
6
Suppose k + 1008 = 4*g, -6*k - 20 = -k. What is the remainder when g is divided by 18?
17
Suppose -2 = 2*s - 0*s. Let i be (-1 + 4 + -9)*(-4)/6. What is the remainder when 12 is divided by -6 + 9 - i*s?
5
Let h(g) = -2*g**3 - 6*g**2 - 9*g - 7. Calculate the remainder when h(-3) is divided by 7.
6
Let q = 1 - -3. Suppose 61 = 4*f + u, -q*f + 43 = -2*u - 15. What is the remainder when f is divided by 4?
3
Suppose -o = o - 36. Suppose -2*z - 2*j + 83 = 13, z - 35 = -5*j. What is the remainder when z is divided by o?
17
Suppose -4 = -m + 2. What is the remainder when ((-56)/(-12))/(4/m) is divided by 3?
1
Suppose 2*r = -4*v + 24 + 26, -v - 5*r = -8. Calculate the remainder when 63 is divided by v.
11
Let w = -21 + 89. Let h = 19 + 4. What is the remainder when w is divided by h?
22
Let p be -2 - (3 + -5) - -3. Suppose p*a = -0*a + 78. Suppose -2*h = 3*u - 0*h - a, 0 = -4*h + 4. What is the remainder when 15 is divided by u?
7
Let x = 15 - 0. Let h(m) = -6*m**3 + 5*m**2 + 3*m - 4. Calculate the remainder when h(-2) is divided by x.
13
What is the remainder when 156 is divided by (-3 - 5)/((-2)/10)?
36
Suppose 0 = 2*s - 2*b - 54, s = 5*b - b + 39. Let j = 31 - s. Calculate the remainder when 31 is divided by j.
7
Let a = 116 - 184. Let f = -44 - a. Suppose -4*v - 4 = 4*s - f, -5*s = 20. Calculate the remainder when v is divided by 5.
4
Suppose -5*s - 14 = -2*h, -s - 8 = 5*h + 11. Let d = h + 7. Calculate the remainder when d is divided by 3.
1
Suppose -9*q = -8*q - 17. What is the remainder when 133 is divided by q?
14
Calculate the remainder when 3 + 3 - 228/(-4) is divided by 34.
29
Suppose 0 = p - 3*q - 2, 3*p - 32 = -2*p + 4*q. Suppose -6*w = -p*w + 14. What is the remainder when 19 is divided by w?
5
Calculate the remainder when 18 is divided by 2/(-8) - 58/(-8).
4
Let p(q) = -q**3 + 13*q**2 - 10*q - 16. What is the remainder when p(12) is divided by 3?
2
Suppose -5*j + 12*j - 378 = 0. Calculate the remainder when j is divided by 15.
9
Suppose -128 = -15*d + 7*d. What is the remainder when 29 is divided by d?
13
Suppose -h - 5*d + 31 = 0, 8*d = 3*h + 3*d + 7. What is the remainder when 29 is divided by h?
5
Suppose 3*w + 0 - 3 = 0. Let z = 16 + -14. What is the remainder when z is divided by w?
0
Suppose -2*q - 4*n = 14, -2*q + 6 = -0*n - n. Suppose 2*a + q = 3. What is the remainder when a/4 - 438/(-8) is divided by 19?
17
Let l be (-150)/20*2/(-3). Suppose 2 = 3*f + 4*j, 3*f - 5 = -2*f - l*j. Calculate the remainder when 3 is divided by f.
1
Suppose -1 - 4 = -t. Suppose -4*q + 45 = t*d, 5*q - 18 = -2*d - 0*q. Suppose 0*m + m = d. What is the remainder when 26 is divided by m?
8
Calculate the remainder when (2/(-15)*-141)/((-12)/(-30)) is divided by 25.
22
Let n(f